{"id":2559,"date":"2023-12-14T12:57:22","date_gmt":"2023-12-14T17:57:22","guid":{"rendered":"https:\/\/evve.emc-mec.ca\/event-archives\/"},"modified":"2026-04-07T15:16:56","modified_gmt":"2026-04-07T19:16:56","slug":"events-archive","status":"publish","type":"page","link":"https:\/\/evve.emc-mec.ca\/fr\/events-archive\/","title":{"rendered":"Archive des \u00e9v\u00e8nements"},"content":{"rendered":"\n<div class=\"wp-block-group alignfull is-layout-flow wp-block-group-is-layout-flow\">\n<div class=\"wp-block-group alignfull has-custom-color-1-background-color has-background has-global-padding is-layout-constrained wp-container-core-group-is-layout-5b20c457 wp-block-group-is-layout-constrained\" style=\"padding-top:var(--wp--preset--spacing--superbspacing-medium);padding-right:var(--wp--preset--spacing--superbspacing-small);padding-bottom:var(--wp--preset--spacing--superbspacing-medium);padding-left:var(--wp--preset--spacing--superbspacing-small)\">\n<div class=\"wp-block-group alignwide has-global-padding is-layout-constrained wp-container-core-group-is-layout-aaf5fa99 wp-block-group-is-layout-constrained\">\n<p class=\"has-text-align-center\"><strong>Archive EVVE<\/strong><\/p>\n\n\n\n<p class=\"has-text-align-center has-secondary-color has-text-color has-superbfont-small-font-size\">D\u00e9couvrez les programmes, les photos et les moments forts des conf\u00e9rences pr\u00e9c\u00e9dentes.<\/p>\n<\/div>\n\n\n\n<div class=\"wp-block-columns alignwide is-layout-flex wp-container-core-columns-is-layout-a3ac60a9 wp-block-columns-is-layout-flex\" style=\"border-radius:0px;padding-top:0;padding-right:0;padding-bottom:0;padding-left:0\">\n<div class=\"wp-block-column is-vertically-aligned-center is-layout-flow wp-container-core-column-is-layout-cfb182f8 wp-block-column-is-layout-flow\" style=\"padding-top:0;padding-right:0;padding-bottom:0;padding-left:0\">\n<div class=\"wp-block-buttons is-layout-flex wp-block-buttons-is-layout-flex\">\n<div class=\"wp-block-button has-custom-width wp-block-button__width-100\"><a class=\"wp-block-button__link has-custom-color-7-color has-custom-color-2-background-color has-text-color has-background has-link-color wp-element-button\" href=\"https:\/\/evve.emc-mec.ca\/fr\/galerie-de-photos-evve-2025\/\">Galerie de photos EVVE 2025<\/a><\/div>\n\n\n\n<div class=\"wp-block-button has-custom-width wp-block-button__width-100\"><a class=\"wp-block-button__link has-custom-color-7-color has-custom-color-2-background-color has-text-color has-background has-link-color wp-element-button\" href=\"https:\/\/site.pheedloop.com\/event\/evve2025\/schedule\">Programme et conf\u00e9renciers EVVE 2025<\/a><\/div>\n<\/div>\n<\/div>\n\n\n\n<div class=\"wp-block-column is-vertically-aligned-center is-layout-flow wp-container-core-column-is-layout-eef95d05 wp-block-column-is-layout-flow\" style=\"padding-top:0px;padding-right:0px;padding-bottom:0px;padding-left:0px\">\n<div class=\"wp-block-buttons is-layout-flex wp-block-buttons-is-layout-flex\">\n<div class=\"wp-block-button has-custom-width wp-block-button__width-100\"><a class=\"wp-block-button__link has-custom-color-7-color has-custom-color-2-background-color has-text-color has-background has-link-color wp-element-button\" href=\"https:\/\/evve.emc-mec.ca\/fr\/galerie-de-photos-evve-2024\/\">Galerie de photos EVVE 2024<\/a><\/div>\n\n\n\n<div class=\"wp-block-button has-custom-width wp-block-button__width-100\"><a class=\"wp-block-button__link has-custom-color-7-color has-custom-color-2-background-color has-text-color has-background has-link-color wp-element-button\" href=\"https:\/\/site.pheedloop.com\/event\/evve2024\/schedule\">Programme et conf\u00e9renciers EVVE 2024<\/a><\/div>\n<\/div>\n<\/div>\n\n\n\n<div class=\"wp-block-column is-vertically-aligned-center is-layout-flow wp-container-core-column-is-layout-eef95d05 wp-block-column-is-layout-flow\" style=\"padding-top:0px;padding-right:0px;padding-bottom:0px;padding-left:0px\">\n<div class=\"wp-block-buttons is-layout-flex wp-block-buttons-is-layout-flex\">\n<div class=\"wp-block-button has-custom-width wp-block-button__width-100\"><a class=\"wp-block-button__link has-custom-color-7-color has-custom-color-2-background-color has-text-color has-background has-link-color wp-element-button\" href=\"https:\/\/evve.emc-mec.ca\/fr\/galerie-de-photos-evve-2023\/\">Galerie de photos EVVE 2023<\/a><\/div>\n\n\n\n<div class=\"wp-block-button has-custom-width wp-block-button__width-100\"><a class=\"wp-block-button__link has-custom-color-7-color has-custom-color-2-background-color has-text-color has-background has-link-color wp-element-button\" href=\"https:\/\/site.pheedloop.com\/event\/evve2023\/schedule\">Programme et conf\u00e9renciers EVVE 2023<\/a><\/div>\n<\/div>\n<\/div>\n<\/div>\n<\/div>\n<\/div>\n\n<p><\/p>\n","protected":false},"excerpt":{"rendered":"<p>Archive EVVE D\u00e9couvrez les programmes, les photos et les moments forts des conf\u00e9rences pr\u00e9c\u00e9dentes.<\/p>\n","protected":false},"author":2,"featured_media":0,"parent":0,"menu_order":0,"comment_status":"closed","ping_status":"closed","template":"page-full-width","meta":{"_monsterinsights_skip_tracking":false,"_monsterinsights_sitenote_active":false,"_monsterinsights_sitenote_note":"","_monsterinsights_sitenote_category":0,"footnotes":""},"class_list":["post-2559","page","type-page","status-publish","hentry"],"acf":[],"yoast_head":"<!-- This site is optimized with the Yoast SEO plugin v27.5 - https:\/\/yoast.com\/product\/yoast-seo-wordpress\/ -->\n<title>Archive des \u00e9v\u00e8nements - EVVE 2026<\/title>\n<meta name=\"robots\" content=\"index, follow, max-snippet:-1, max-image-preview:large, max-video-preview:-1\" \/>\n<link rel=\"canonical\" href=\"https:\/\/evve.emc-mec.ca\/fr\/events-archive\/\" \/>\n<meta property=\"og:locale\" content=\"fr_FR\" \/>\n<meta property=\"og:type\" content=\"article\" \/>\n<meta property=\"og:title\" content=\"Archive des \u00e9v\u00e8nements - EVVE 2026\" \/>\n<meta property=\"og:description\" content=\"Archive EVVE D\u00e9couvrez les programmes, les photos et les moments forts des conf\u00e9rences pr\u00e9c\u00e9dentes.\" \/>\n<meta property=\"og:url\" content=\"https:\/\/evve.emc-mec.ca\/fr\/events-archive\/\" \/>\n<meta property=\"og:site_name\" content=\"EVVE 2026\" \/>\n<meta property=\"article:modified_time\" content=\"2026-04-07T19:16:56+00:00\" \/>\n<meta name=\"twitter:card\" content=\"summary_large_image\" \/>\n<meta name=\"twitter:label1\" content=\"Dur\u00e9e de lecture estim\u00e9e\" \/>\n\t<meta name=\"twitter:data1\" content=\"1 minute\" \/>\n<script type=\"application\/ld+json\" class=\"yoast-schema-graph\">{\"@context\":\"https:\\\/\\\/schema.org\",\"@graph\":[{\"@type\":\"WebPage\",\"@id\":\"https:\\\/\\\/evve.emc-mec.ca\\\/fr\\\/events-archive\\\/\",\"url\":\"https:\\\/\\\/evve.emc-mec.ca\\\/fr\\\/events-archive\\\/\",\"name\":\"Archive des \u00e9v\u00e8nements - EVVE 2026\",\"isPartOf\":{\"@id\":\"https:\\\/\\\/evve.emc-mec.ca\\\/#website\"},\"datePublished\":\"2023-12-14T17:57:22+00:00\",\"dateModified\":\"2026-04-07T19:16:56+00:00\",\"breadcrumb\":{\"@id\":\"https:\\\/\\\/evve.emc-mec.ca\\\/fr\\\/events-archive\\\/#breadcrumb\"},\"inLanguage\":\"fr-FR\",\"potentialAction\":[{\"@type\":\"ReadAction\",\"target\":[\"https:\\\/\\\/evve.emc-mec.ca\\\/fr\\\/events-archive\\\/\"]}]},{\"@type\":\"BreadcrumbList\",\"@id\":\"https:\\\/\\\/evve.emc-mec.ca\\\/fr\\\/events-archive\\\/#breadcrumb\",\"itemListElement\":[{\"@type\":\"ListItem\",\"position\":1,\"name\":\"Home\",\"item\":\"https:\\\/\\\/evve.emc-mec.ca\\\/\"},{\"@type\":\"ListItem\",\"position\":2,\"name\":\"Archive des \u00e9v\u00e8nements\"}]},{\"@type\":\"WebSite\",\"@id\":\"https:\\\/\\\/evve.emc-mec.ca\\\/#website\",\"url\":\"https:\\\/\\\/evve.emc-mec.ca\\\/\",\"name\":\"EVVE 2026\",\"description\":\"EMC&#039;s national conference\",\"publisher\":{\"@id\":\"https:\\\/\\\/evve.emc-mec.ca\\\/#organization\"},\"potentialAction\":[{\"@type\":\"SearchAction\",\"target\":{\"@type\":\"EntryPoint\",\"urlTemplate\":\"https:\\\/\\\/evve.emc-mec.ca\\\/?s={search_term_string}\"},\"query-input\":{\"@type\":\"PropertyValueSpecification\",\"valueRequired\":true,\"valueName\":\"search_term_string\"}}],\"inLanguage\":\"fr-FR\"},{\"@type\":\"Organization\",\"@id\":\"https:\\\/\\\/evve.emc-mec.ca\\\/#organization\",\"name\":\"Electric Mobility Canada \\\/ Mobilit\u00e9 \u00c9lectrique Canada\",\"url\":\"https:\\\/\\\/evve.emc-mec.ca\\\/\",\"logo\":{\"@type\":\"ImageObject\",\"inLanguage\":\"fr-FR\",\"@id\":\"https:\\\/\\\/evve.emc-mec.ca\\\/#\\\/schema\\\/logo\\\/image\\\/\",\"url\":\"https:\\\/\\\/evve.emc-mec.ca\\\/wp-content\\\/uploads\\\/2026\\\/04\\\/EVVE-2026-Sponsor-Logos-Web.png\",\"contentUrl\":\"https:\\\/\\\/evve.emc-mec.ca\\\/wp-content\\\/uploads\\\/2026\\\/04\\\/EVVE-2026-Sponsor-Logos-Web.png\",\"width\":2000,\"height\":1429,\"caption\":\"Electric Mobility Canada \\\/ Mobilit\u00e9 \u00c9lectrique Canada\"},\"image\":{\"@id\":\"https:\\\/\\\/evve.emc-mec.ca\\\/#\\\/schema\\\/logo\\\/image\\\/\"}}]}<\/script>\n<!-- \/ Yoast SEO plugin. -->","yoast_head_json":{"title":"Archive des \u00e9v\u00e8nements - EVVE 2026","robots":{"index":"index","follow":"follow","max-snippet":"max-snippet:-1","max-image-preview":"max-image-preview:large","max-video-preview":"max-video-preview:-1"},"canonical":"https:\/\/evve.emc-mec.ca\/fr\/events-archive\/","og_locale":"fr_FR","og_type":"article","og_title":"Archive des \u00e9v\u00e8nements - EVVE 2026","og_description":"Archive EVVE D\u00e9couvrez les programmes, les photos et les moments forts des conf\u00e9rences pr\u00e9c\u00e9dentes.","og_url":"https:\/\/evve.emc-mec.ca\/fr\/events-archive\/","og_site_name":"EVVE 2026","article_modified_time":"2026-04-07T19:16:56+00:00","twitter_card":"summary_large_image","twitter_misc":{"Dur\u00e9e de lecture estim\u00e9e":"1 minute"},"schema":{"@context":"https:\/\/schema.org","@graph":[{"@type":"WebPage","@id":"https:\/\/evve.emc-mec.ca\/fr\/events-archive\/","url":"https:\/\/evve.emc-mec.ca\/fr\/events-archive\/","name":"Archive des \u00e9v\u00e8nements - EVVE 2026","isPartOf":{"@id":"https:\/\/evve.emc-mec.ca\/#website"},"datePublished":"2023-12-14T17:57:22+00:00","dateModified":"2026-04-07T19:16:56+00:00","breadcrumb":{"@id":"https:\/\/evve.emc-mec.ca\/fr\/events-archive\/#breadcrumb"},"inLanguage":"fr-FR","potentialAction":[{"@type":"ReadAction","target":["https:\/\/evve.emc-mec.ca\/fr\/events-archive\/"]}]},{"@type":"BreadcrumbList","@id":"https:\/\/evve.emc-mec.ca\/fr\/events-archive\/#breadcrumb","itemListElement":[{"@type":"ListItem","position":1,"name":"Home","item":"https:\/\/evve.emc-mec.ca\/"},{"@type":"ListItem","position":2,"name":"Archive des \u00e9v\u00e8nements"}]},{"@type":"WebSite","@id":"https:\/\/evve.emc-mec.ca\/#website","url":"https:\/\/evve.emc-mec.ca\/","name":"EVVE 2026","description":"EMC&#039;s national conference","publisher":{"@id":"https:\/\/evve.emc-mec.ca\/#organization"},"potentialAction":[{"@type":"SearchAction","target":{"@type":"EntryPoint","urlTemplate":"https:\/\/evve.emc-mec.ca\/?s={search_term_string}"},"query-input":{"@type":"PropertyValueSpecification","valueRequired":true,"valueName":"search_term_string"}}],"inLanguage":"fr-FR"},{"@type":"Organization","@id":"https:\/\/evve.emc-mec.ca\/#organization","name":"Electric Mobility Canada \/ Mobilit\u00e9 \u00c9lectrique Canada","url":"https:\/\/evve.emc-mec.ca\/","logo":{"@type":"ImageObject","inLanguage":"fr-FR","@id":"https:\/\/evve.emc-mec.ca\/#\/schema\/logo\/image\/","url":"https:\/\/evve.emc-mec.ca\/wp-content\/uploads\/2026\/04\/EVVE-2026-Sponsor-Logos-Web.png","contentUrl":"https:\/\/evve.emc-mec.ca\/wp-content\/uploads\/2026\/04\/EVVE-2026-Sponsor-Logos-Web.png","width":2000,"height":1429,"caption":"Electric Mobility Canada \/ Mobilit\u00e9 \u00c9lectrique Canada"},"image":{"@id":"https:\/\/evve.emc-mec.ca\/#\/schema\/logo\/image\/"}}]}},"_links":{"self":[{"href":"https:\/\/evve.emc-mec.ca\/fr\/wp-json\/wp\/v2\/pages\/2559","targetHints":{"allow":["GET"]}}],"collection":[{"href":"https:\/\/evve.emc-mec.ca\/fr\/wp-json\/wp\/v2\/pages"}],"about":[{"href":"https:\/\/evve.emc-mec.ca\/fr\/wp-json\/wp\/v2\/types\/page"}],"author":[{"embeddable":true,"href":"https:\/\/evve.emc-mec.ca\/fr\/wp-json\/wp\/v2\/users\/2"}],"replies":[{"embeddable":true,"href":"https:\/\/evve.emc-mec.ca\/fr\/wp-json\/wp\/v2\/comments?post=2559"}],"version-history":[{"count":12,"href":"https:\/\/evve.emc-mec.ca\/fr\/wp-json\/wp\/v2\/pages\/2559\/revisions"}],"predecessor-version":[{"id":7569,"href":"https:\/\/evve.emc-mec.ca\/fr\/wp-json\/wp\/v2\/pages\/2559\/revisions\/7569"}],"wp:attachment":[{"href":"https:\/\/evve.emc-mec.ca\/fr\/wp-json\/wp\/v2\/media?parent=2559"}],"curies":[{"name":"wp","href":"https:\/\/api.w.org\/{rel}","templated":true}]}}

Archive des évènements

<div class="wp-block-group alignfull is-layout-flow wp-block-group-is-layout-flow">
<div class="wp-block-group alignfull has-custom-color-1-background-color has-background has-global-padding is-layout-constrained wp-container-core-group-is-layout-5b20c457 wp-block-group-is-layout-constrained" style="padding-top:var(--wp--preset--spacing--superbspacing-medium);padding-right:var(--wp--preset--spacing--superbspacing-small);padding-bottom:var(--wp--preset--spacing--superbspacing-medium);padding-left:var(--wp--preset--spacing--superbspacing-small)">
<div class="wp-block-group alignwide has-global-padding is-layout-constrained wp-container-core-group-is-layout-aaf5fa99 wp-block-group-is-layout-constrained">
<p class="has-text-align-center"><strong>Archive EVVE</strong></p>



<p class="has-text-align-center has-secondary-color has-text-color has-superbfont-small-font-size">Découvrez les programmes, les photos et les moments forts des conférences précédentes.</p>
</div>



<div class="wp-block-columns alignwide is-layout-flex wp-container-core-columns-is-layout-a3ac60a9 wp-block-columns-is-layout-flex" style="border-radius:0px;padding-top:0;padding-right:0;padding-bottom:0;padding-left:0">
<div class="wp-block-column is-vertically-aligned-center is-layout-flow wp-container-core-column-is-layout-cfb182f8 wp-block-column-is-layout-flow" style="padding-top:0;padding-right:0;padding-bottom:0;padding-left:0">
<div class="wp-block-buttons is-layout-flex wp-block-buttons-is-layout-flex">
<div class="wp-block-button has-custom-width wp-block-button__width-100"><a class="wp-block-button__link has-custom-color-7-color has-custom-color-2-background-color has-text-color has-background has-link-color wp-element-button" href="https://evve.emc-mec.ca/fr/galerie-de-photos-evve-2025/">Galerie de photos EVVE 2025</a></div>



<div class="wp-block-button has-custom-width wp-block-button__width-100"><a class="wp-block-button__link has-custom-color-7-color has-custom-color-2-background-color has-text-color has-background has-link-color wp-element-button" href="https://site.pheedloop.com/event/evve2025/schedule">Programme et conférenciers EVVE 2025</a></div>
</div>
</div>



<div class="wp-block-column is-vertically-aligned-center is-layout-flow wp-container-core-column-is-layout-eef95d05 wp-block-column-is-layout-flow" style="padding-top:0px;padding-right:0px;padding-bottom:0px;padding-left:0px">
<div class="wp-block-buttons is-layout-flex wp-block-buttons-is-layout-flex">
<div class="wp-block-button has-custom-width wp-block-button__width-100"><a class="wp-block-button__link has-custom-color-7-color has-custom-color-2-background-color has-text-color has-background has-link-color wp-element-button" href="https://evve.emc-mec.ca/fr/galerie-de-photos-evve-2024/">Galerie de photos EVVE 2024</a></div>



<div class="wp-block-button has-custom-width wp-block-button__width-100"><a class="wp-block-button__link has-custom-color-7-color has-custom-color-2-background-color has-text-color has-background has-link-color wp-element-button" href="https://site.pheedloop.com/event/evve2024/schedule">Programme et conférenciers EVVE 2024</a></div>
</div>
</div>



<div class="wp-block-column is-vertically-aligned-center is-layout-flow wp-container-core-column-is-layout-eef95d05 wp-block-column-is-layout-flow" style="padding-top:0px;padding-right:0px;padding-bottom:0px;padding-left:0px">
<div class="wp-block-buttons is-layout-flex wp-block-buttons-is-layout-flex">
<div class="wp-block-button has-custom-width wp-block-button__width-100"><a class="wp-block-button__link has-custom-color-7-color has-custom-color-2-background-color has-text-color has-background has-link-color wp-element-button" href="https://evve.emc-mec.ca/fr/galerie-de-photos-evve-2023/">Galerie de photos EVVE 2023</a></div>



<div class="wp-block-button has-custom-width wp-block-button__width-100"><a class="wp-block-button__link has-custom-color-7-color has-custom-color-2-background-color has-text-color has-background has-link-color wp-element-button" href="https://site.pheedloop.com/event/evve2023/schedule">Programme et conférenciers EVVE 2023</a></div>
</div>
</div>
</div>
</div>
</div>

<p></p>

<p>Archive EVVE Découvrez les programmes, les photos et les moments forts des conférences précédentes.</p>

<!-- This site is optimized with the Yoast SEO plugin v27.5 - https://yoast.com/product/yoast-seo-wordpress/ -->
<title>Archive des évènements - EVVE 2026</title>
<meta name="robots" content="index, follow, max-snippet:-1, max-image-preview:large, max-video-preview:-1" />
<link rel="canonical" href="https://evve.emc-mec.ca/fr/events-archive/" />
<meta property="og:locale" content="fr_FR" />
<meta property="og:type" content="article" />
<meta property="og:title" content="Archive des évènements - EVVE 2026" />
<meta property="og:description" content="Archive EVVE Découvrez les programmes, les photos et les moments forts des conférences précédentes." />
<meta property="og:url" content="https://evve.emc-mec.ca/fr/events-archive/" />
<meta property="og:site_name" content="EVVE 2026" />
<meta property="article:modified_time" content="2026-04-07T19:16:56+00:00" />
<meta name="twitter:card" content="summary_large_image" />
<meta name="twitter:label1" content="Durée de lecture estimée" />
	<meta name="twitter:data1" content="1 minute" />
<script type="application/ld+json" class="yoast-schema-graph">{"@context":"https:\/\/schema.org","@graph":[{"@type":"WebPage","@id":"https:\/\/evve.emc-mec.ca\/fr\/events-archive\/","url":"https:\/\/evve.emc-mec.ca\/fr\/events-archive\/","name":"Archive des évènements - EVVE 2026","isPartOf":{"@id":"https:\/\/evve.emc-mec.ca\/#website"},"datePublished":"2023-12-14T17:57:22+00:00","dateModified":"2026-04-07T19:16:56+00:00","breadcrumb":{"@id":"https:\/\/evve.emc-mec.ca\/fr\/events-archive\/#breadcrumb"},"inLanguage":"fr-FR","potentialAction":[{"@type":"ReadAction","target":["https:\/\/evve.emc-mec.ca\/fr\/events-archive\/"]}]},{"@type":"BreadcrumbList","@id":"https:\/\/evve.emc-mec.ca\/fr\/events-archive\/#breadcrumb","itemListElement":[{"@type":"ListItem","position":1,"name":"Home","item":"https:\/\/evve.emc-mec.ca\/"},{"@type":"ListItem","position":2,"name":"Archive des évènements"}]},{"@type":"WebSite","@id":"https:\/\/evve.emc-mec.ca\/#website","url":"https:\/\/evve.emc-mec.ca\/","name":"EVVE 2026","description":"EMC&#039;s national conference","publisher":{"@id":"https:\/\/evve.emc-mec.ca\/#organization"},"potentialAction":[{"@type":"SearchAction","target":{"@type":"EntryPoint","urlTemplate":"https:\/\/evve.emc-mec.ca\/?s={search_term_string}"},"query-input":{"@type":"PropertyValueSpecification","valueRequired":true,"valueName":"search_term_string"}}],"inLanguage":"fr-FR"},{"@type":"Organization","@id":"https:\/\/evve.emc-mec.ca\/#organization","name":"Electric Mobility Canada \/ Mobilité Électrique Canada","url":"https:\/\/evve.emc-mec.ca\/","logo":{"@type":"ImageObject","inLanguage":"fr-FR","@id":"https:\/\/evve.emc-mec.ca\/#\/schema\/logo\/image\/","url":"https:\/\/evve.emc-mec.ca\/wp-content\/uploads\/2026\/04\/EVVE-2026-Sponsor-Logos-Web.png","contentUrl":"https:\/\/evve.emc-mec.ca\/wp-content\/uploads\/2026\/04\/EVVE-2026-Sponsor-Logos-Web.png","width":2000,"height":1429,"caption":"Electric Mobility Canada \/ Mobilité Électrique Canada"},"image":{"@id":"https:\/\/evve.emc-mec.ca\/#\/schema\/logo\/image\/"}}]}</script>
<!-- / Yoast SEO plugin. -->

Archive des évènements - EVVE 2026

Archive EVVE Découvrez les programmes, les photos et les moments forts des conférences précédentes.

Electric Mobility Canada / Mobilité Électrique Canada
